dred millions digit of 1710718673?
7
What is the thousands digit of 31215973?
5
What is the ten thousands digit of 117844339?
4
What is the millions digit of 2368620632?
8
What is the hundreds digit of 2334228?
2
What is the tens digit of 106556935?
3
What is the hundreds digit of 5358432?
4
What is the thousands digit of 441002921?
2
What is the ten millions digit of 88778152?
8
What is the ten millions digit of 487914105?
8
What is the hundred millions digit of 5331391106?
3
What is the millions digit of 21196932?
1
What is the units digit of 78184346?
6
What is the thousands digit of 25042002?
2
What is the tens digit of 139239285?
8
What is the thousands digit of 733176727?
6
What is the tens digit of 107387983?
8
What is the millions digit of 700194885?
0
What is the thousands digit of 751646921?
6
What is the hundreds digit of 50459532?
5
What is the millions digit of 53367184?
3
What is the thousands digit of 26245647?
5
What is the thousands digit of 86268335?
8
What is the tens digit of 8777342?
4
What is the hundreds digit of 1352243034?
0
What is the ten thousands digit of 430276615?
7
What is the thousands digit of 477231991?
1
What is the billions digit of 1051976583?
1
What is the billions digit of 2306055928?
2
What is the units digit of 2781884558?
8
What is the ten thousands digit of 482572723?
7
What is the ten thousands digit of 62246706?
4
What is the hundred thousands digit of 295448197?
4
What is the thousands digit of 203103268?
3
What is the hundred millions digit of 148772638?
1
What is the hundreds digit of 1049217547?
5
What is the units digit of 604562013?
3
What is the ten millions digit of 616507563?
1
What is the millions digit of 4759521544?
9
What is the ten thousands digit of 70795862?
9
What is the tens digit of 589357378?
7
What is the thousands digit of 3612905503?
5
What is the hundreds digit of 21734576?
5
What is the thousands digit of 154558180?
8
What is the units digit of 39910833?
3
What is the hundreds digit of 30153056?
0
What is the ten millions digit of 5639366874?
3
What is the units digit of 77784622?
2
What is the hundreds digit of 1326591225?
2
What is the hundreds digit of 1921283185?
1
What is the hundred thousands digit of 15235810?
2
What is the ten millions digit of 45088795?
4
What is the hundred thousands digit of 21443863?
4
What is the hundreds digit of 442098025?
0
What is the units digit of 1432197751?
1
What is the ten thousands digit of 372479700?
7
What is the ten millions digit of 213689870?
1
What is the hundred millions digit of 5394313551?
3
What is the hundred thousands digit of 781997675?
9
What is the hundreds digit of 1402585874?
8
What is the millions digit of 120085569?
0
What is the millions digit of 144403093?
4
What is the ten thousands digit of 286938707?
3
What is the hundred thousands digit of 28931471?
9
What is the hundreds digit of 2334669357?
3
What is the thousands digit of 690136623?
6
What is the hundred millions digit of 101665579?
1
What is the hundred millions digit of 4610971444?
6
What is the millions digit of 502457622?
2
What is the ten thousands digit of 164011454?
1
What is the hundreds digit of 687092191?
1
What is the ten millions digit of 14033250?
1
What is the ten millions digit of 643294553?
4
What is the units digit of 99350425?
5
What is the thousands digit of 134519507?
9
What is the thousands digit of 238751699?
1
What is the units digit of 1964397?
7
What is the hundred millions digit of 2857782776?
8
What is the millions digit of 22188939?
2
What is the tens digit of 34840980?
8
What is the tens digit of 7772180470?
7
What is the ten thousands digit of 1469966?
6
What is the ten millions digit of 1869199249?
6
What is the thousands digit of 161663723?
3
What is the millions digit of 27263127?
7
What is the tens digit of 18619188?
8
What is the millions digit of 3918767122?
8
What is the units digit of 88168408?
8
What is the ten millions digit of 328336076?
2
What is the ten millions digit of 41756122?
4
What is the ten thousands digit of 4869308607?
0
What is the hundred millions digit of 4899326361?
8
What is the millions digit of 2003449439?
3
What is the ten millions digit of 297820032?
9
What is the tens digit of 335634901?
0
What is the ten thousands digit of 245238836?
3
What is the units digit of 78152436?
6
What is the ten thousands digit of 10059143?
5
What is the hundreds digit of 28022097?
0
What is the tens digit of 36976209?
0
What is the units digit of 98087590?
0
What is the hundreds digit of 24750978?
9
What is the hundreds digit of 1542253112?
1
What is the tens digit of 1111670059?
5
What is the tens digit of 44143753?
5
What is the tens digit of 182786883?
8
What is the thousands digit of 1048960807?
0
What is the ten thousands digit of 28683302?
8
What is the hundreds digit of 1346475640?
6
What is the hundreds digit of 1178494569?
5
What is the units digit of 13651149?
9
What is the ten millions digit of 84136626?
8
What is the hundreds digit of 150216775?
7
What is the units digit of 6474270?
0
What is the hundred millions digit of 104963351?
1
What is the billions digit of 2840821707?
2
What is the ten thousands digit of 1000332550?
3
What is the tens digit of 270847233?
3
What is the ten thousands digit of 37600713?
0
What is the hundred millions digit of 4337480414?
3
What is the thousands digit of 43860638?
0
What is the ten millions digit of 3345539836?
4
What is the units digit of 16058264?
4
What is the millions digit of 1078407651?
8
What is the ten thousands digit of 8919245?
1
What is the thousands digit of 29795188?
5
What is the thousands digit of 37977407?
7
What is the ten millions digit of 13316879?
1
What is the thousands digit of 8861834?
1
What is the thousands digit of 57647714?
7
What is the thousands digit of 66608250?
8
What is the ten millions digit of 97833009?
9
What is the thousands digit of 215524382?
4
What is the hundreds digit of 821342?
3
What is the thousands digit of 789417719?
7
What is the hundred thousands digit of 16774861?
7
What is the ten thousands digit of 29266746?
6
What is the hundred thousands digit of 196963531?
9
What is the units digit of 721223961?
1
What is the tens digit of 674387718?
1
What is the billions digit of 1483723033?
1
What is the billions digit of 2848800600?
2
What is the ten millions digit of 51026428?
5
What is the thousands digit of 4932583366?
3
What is the millions digit of 661891092?
1
What is the ten millions digit of 487274929?
8
What is the ten millions digit of 159006302?
5
What is the millions digit of 81975023?
1
What is the tens digit of 72074100?
0
What is the hundreds digit of 743777313?
3
What is the ten thousands digit of 24067856?
6
What is the tens digit of 6111004944?
4
What is the millions digit of 2276546583?
6
What is the tens digit of 1035954306?
0
What is the billions digit of 1854122191?
1
What is the hundreds digit of 121630238?
2
What is the units digit of 5237805976?
6
What is the hundred thousands digit of 914973585?
9
What is the hundred thousands digit of 1878351808?
3
What is the hundred millions digit of 336468573?
3
What is the ten thousands digit of 196818988?
1
What is the hundred millions digit of 129330220?
1
What is the hundreds digit of 31652235?
2
What is the hundred thousands digit of 31455307?
4
What is the hundred millions digit of 159430331?
1
What is the ten thousands digit of 461632164?
3
What is the units digit of 17686350?
0
What is the millions digit of 117658842?
7
What is the hundred millions digit of 109530125?
1
What is the thousands digit of 980028594?
8
What is the units digit of 1393395355?
5
What is the ten thousands digit of 178419193?
1
What is the hundred thousands digit of 7466239792?
2
What is the hundreds digit of 2003573779?
7
What is the ten millions digit of 31492379?
3
What is the ten thousands digit of 676103234?
0
What is the tens digit of 44195446?
4
What is the hundred thousands digit of 98170085?
1
What is the hundred thousands digit of 86109369?
1
What is the hundreds digit of 1134347?
3
What is the hundreds digit of 327128584?
5
What is the units digit of 1837003982?
2
What is the hundreds digit of 13995959?
9
What is the ten millions digit of 466215678?
6
What is the hu